230?
-1110233
In base 10, what is -6 - -3?
-3
In base 8, what is -26 - -144?
116
In base 7, what is 4 + 102?
106
In base 14, what is 12 + 71?
83
In base 11, what is -4272 - 5?
-4277
In base 4, what is -131 + -1313?
-2110
In base 14, what is 168 + 0?
168
In base 14, what is 59 - -5?
60
In base 5, what is -10 + 103?
43
In base 6, what is -112 + 10?
-102
In base 13, what is -184 - 8?
-18c
In base 16, what is 1b - 10a?
-ef
In base 9, what is 4 - 1723?
-1718
In base 16, what is -dc - 3?
-df
In base 2, what is -110000 + -1001100?
-1111100
In base 14, what is 4 + 15d?
163
In base 12, what is -4 - -104?
100
In base 2, what is -101 + -1100100011?
-1100101000
In base 5, what is 0 + 20?
20
In base 11, what is 1 - 29?
-28
In base 10, what is 2 - 259?
-257
In base 9, what is -577 + 5?
-572
In base 5, what is 302243 - -4?
302302
In base 16, what is -b0c + 5?
-b07
In base 14, what is c79 - -c?
c87
In base 3, what is -1 + -10000?
-10001
In base 4, what is 10 - -2020?
2030
In base 4, what is -300 + 21?
-213
In base 3, what is 101222 + 20?
102012
In base 5, what is -22 - -212?
140
In base 2, what is -101100011 + -100?
-101100111
In base 8, what is 0 + 555?
555
In base 15, what is 2 + -c5d?
-c5b
In base 10, what is 2569 - -1?
2570
In base 13, what is -88b - 2?
-890
In base 15, what is -12 - -d?
-4
In base 15, what is -3 - 3?
-6
In base 10, what is -705 - -5?
-700
In base 7, what is 3 + -3131?
-3125
In base 6, what is 233 + -2?
231
In base 7, what is 1 - 22?
-21
In base 16, what is -20c - -1?
-20b
In base 9, what is 4 - -31?
35
In base 10, what is 31 - 57?
-26
In base 3, what is -1002 - -210?
-22
In base 7, what is -2136 + 2?
-2134
In base 15, what is -b - 55c?
-568
In base 16, what is -d7 - 3?
-da
In base 2, what is -1100000010 + 100?
-1011111110
In base 10, what is -13 + -66?
-79
In base 5, what is 1 - 32?
-31
In base 12, what is 171 - 3?
16a
In base 13, what is a + 75?
82
In base 8, what is 3 - -4677?
4702
In base 5, what is -1 - 132423?
-132424
In base 4, what is -1022313 + 1?
-1022312
In base 15, what is 2d + 16?
44
In base 7, what is -5 - 0?
-5
In base 8, what is -4 + 5263?
5257
In base 12, what is -119 - 58?
-175
In base 8, what is 10 - -611?
621
In base 12, what is -4 - -2090?
2088
In base 9, what is -14 + 133?
118
In base 7, what is 4204 - 5?
4166
In base 10, what is -123 - -39?
-84
In base 5, what is 2 - 103?
-101
In base 15, what is 6 - -11?
17
In base 3, what is -10 + -21102110?
-21102120
In base 14, what is -2306 - 2?
-2308
In base 2, what is -100101 + -101?
-101010
In base 7, what is -65 - 50?
-145
In base 5, what is 23 + 143?
221
In base 11, what is -11 + 52?
41
In base 13, what is -7cc - -3?
-7c9
In base 11, what is -26 + -15?
-40
In base 8, what is -3 + 107?
104
In base 2, what is 101 + -10010?
-1101
In base 7, what is -4 - 600?
-604
In base 14, what is -12 + 137?
125
In base 12, what is -1679 - -6?
-1673
In base 8, what is -2374 - -4?
-2370
In base 5, what is 10 + 110?
120
In base 12, what is 122 + -5?
119
In base 2, what is -11000 - 101011?
-1000011
In base 13, what is -234 + 4?
-230
In base 13, what is -5 + 147?
142
In base 3, what is 101210 - 101?
101102
In base 9, what is -300 - -3?
-286
In base 15, what is -4 + -1d?
-22
In base 14, what is 4 + 8a?
90
In base 10, what is -1 + 6?
5
In base 10, what is -3 + 551?
548
In base 15, what is 3 + -22?
-1e
In base 7, what is -2 - -2436?
2434
In base 3, what is -2002 - -222?
-1010
In base 2, what is 10 + 111100000?
111100010
In base 11, what is -40 + 0?
-40
In base 2, what is 1 + 10111010?
10111011
In base 14, what is 3 + -502?
-4dd
In base 13, what is -aa - 59?
-136
In base 14, what is 141 - -6?
147
In base 7, what is 12 + 46?
61
In base 5, what is 144 - -222?
421
In base 8, what is -3 + 177?
174
In base 5, what is 32111 + 3?
32114
In base 14, what is -705 - 8?
-70d
In base 4, what is 2313 - -1?
2320
In base 5, what is -3 - -2410?
2402
In base 8, what is 446 - 4?
442
In base 14, what is 24 - -c?
32
In base 5, what is -10042 + -2?
-10044
In base 3, what is 10212 - 2?
10210
In base 2, what is 11000111 - -10?
11001001
In base 14, what is 5 - -16a?
171
In base 14, what is -2 - -2365?
2363
In base 2, what is -1 - -10101?
10100
In base 6, what is 112 + 4?
120
In base 14, what is 174 + -1?
173
In base 2, what is 1 + -1000100100?
-1000100011
In base 13, what is 41 + -32?
c
In base 4, what is 2 + -123321?
-123313
In base 4, what is -22 + 0?
-22
In base 2, what is 1011111101 - 10110?
1011100111
In base 15, what is -8 + -1e?
-27
In base 4, what is 30113 + 2?
30121
In base 10, what is 4 + 77?
81
In base 10, what is 70 - 5?
65
In base 4, what is 2002 + 3?
2011
In base 13, what is -1 + -41?
-42
In base 4, what is -1111 - 113?
-1230
In base 5, what is -324 - 0?
-324
In base 11, what is 76 + 5?
80
In base 12, what is 230 - 2?
22a
In base 3, what is 201 + 11?
212
In base 2, what is 111 + -111?
0
In base 5, what is 103221 + -1?
103220
In base 13, what is 2 - -29?
2b
In base 2, what is 111101100 - 10?
111101010
In base 16, what is -2 + -4d0?
-4d2
In base 3, what is 1200112 + 10?
1200122
In base 14, what is 14 + -7?
b
In base 12, what is 4 + -276a?
-2766
In base 11, what is -29 + -4?
-32
In base 14, what is -490 - -15?
-479
In base 9, what is 30 - -30?
60
In base 4, what is 2 - 2213?
-2211
In base 3, what is 11 - 1011212?
-1011201
In base 14, what is 4 - -58?
5c
In base 8, what is 1 + 53?
54
In base 10, what is -4 - 40?
-44
In base 6, what is 2310 + 2?
2312
In base 9, what is -146 + 25?
-121
In base 8, what is -2 - -37?
35
In base 8, what is -4 + -740?
-744
In base 15, what is -76 - -3e?
-37
In base 5, what is -103243 + 0?
-103243
In base 4, what is 202 - 11?
131
In base 8, what is -41021 - -5?
-41014
In base 3, what is -200221 - -10?
-200211
In base 15, what is -5ab + -4?
-5b0
In base 12, what is -1675 - -3?
-1672
In base 16, what is b9 + 2a?
e3
In base 9, what is 13 - -3271?
3284
In base 15, what is 35 - 284?
-24e
In base 9, what is 18 + -321?
-302
In base 16, what is 9 - -7?
10
In base 14, what is 31 + -2c?
3
In base 16, what is -5 - -ae?
a9
In base 16, what is -e + 63?
55
In base 15, what is -2 + -45?
-47
In base 14, what is 1 + d74?
d75
In base 10, what is 3 + 636?
639
In base 15, what is 32 - -6?
38
In base 14, what is -1704 + -5?
-1709
In base 9, what is 5208 - -3?
5212
In base 6, what is 32 + -5?
23
In base 16, what is 68 - -27?
8f
In base 16, what is -1 + c?
b
In base 14, what is 11 + -d?
2
In base 15, what is -33 + 7?
-2b
In base 7, what is -356 + 5?
-351
In base 5, what is -201 + 424?
223
In base 2, what is 1 - -1000111?
1001000
In base 12, what is -4 - -42?
3a
In base 8, what is -6 - 2075?
-2103
In base 7, what is 112515 + 5?
112523
In base 11, what is -161 - -68?
-a4
In base 6, what is -151 + 10?
-141
In base 2, what is -101011000 + 100?
-101010100
In base 3, what is 10 + -21001?
-20221
In base 4, what is 223130 - 0?
223130
In base 3, what is -2202021 + 0?
-2202021
In base 11, what is a + -1a4?
-195
In base 7, what is 2 - 222?
-220
In base 4, what is -111 - 10?
-121
In base 6, what is -51013 + 3?
-51010
In base 10, what is -58 + 14?
-44
In base 8, what is 4 - 21?
-15
In base 3, what is -2000 - 10?
-2010
In base 10, what is -5 - 47?
-52
In base 14, what is -216 + -12?
-228
In base 2, what is 100110 + 1?
100111
In base 5, what is 13210 + 0?
13210
In base 6, what is 25 - 11?
14
In base 16, what is -4 - 76c?
-770
In base 3, what is -112211 - -2?
-112202
In base 16, what is a - 4d?
-43
In base 12, what is -2 - 66?
-68
In base 2, what is -1111 + 1000010?
110011
In base 3, what is 112 - 21?
21
In base 11, what is 489 - 4?
485
In base 12, what is 0 - 381b?
-381b
In base 10, what is -313 + -3?
-316
In base 6, what is 21 - -255?
320
In base 9, what is 1 + -578?
-577
In base 9, what is -370 + 3?
-366
In base 7, what is -16 - -4066?
4050
In base 16, what is 1 + -13d?
-13c
In base 13, what is 273 - 3?
270
In base 16, what is 8e - 3?
8b
In base 13, what is 1 + -9?
-8
In base 9, what is -1 - -778?
777
In base 7, what is -2 + -100?
-102
In base 10, what is -22 - 85?
-107
In base 10, what is 61 - -15?
76
In base 14, what is 5 - 5c?
-57
In base 15, what is -35 + 72?
3c
In base 12, what is 3 - -4?
7
In base 7, what is 5 + 152?
160
In base 8, what is -13564 - 3?
-13567
In base 10, what is -3 + -44?
-47
In base 5, what is 4